r**4/4 + r**3/3 - r**2 + 2. Let h(z) = z**3 + 7*z**2 + 6*z + 2. Let o be h(-6). Give l(o).
8
Let o(y) = y**2. Let x(s) = -10*s**2 - 2*s - 1. Let a(p) = -3*o(p) - x(p). Let w be 2 + -2 - (2 - 1). Calculate a(w).
6
Let d(f) = -f**3 - f**2 + f + 9. Let h be (-12)/72 + (-2)/(-12). Give d(h).
9
Suppose 4*s = s. Let z(q) = -3*q + 0*q + 2*q + s*q + 6. What is z(-5)?
11
Let l(z) = 13*z - 12. Let f(s) = 24*s - 23. Let i(q) = -6*f(q) + 11*l(q). Let o = -7 + 12. Determine i(o).
1
Let q = 17 - 13. Let g(o) be the second derivative of -o**4/12 + o**2/2 + 2*o. Let s(w) = -6*w**2 + w + 6. Let c(a) = q*g(a) - s(a). What is c(2)?
4
Suppose -1 = -n - 2. Let f(k) be the second derivative of 0 - 1/3*k**3 - 4*k + k**4 - 1/2*k**2. Calculate f(n).
13
Let f(p) = p**3 + 7*p**2 - 7*p + 9. Suppose 3*r - 8 = -32. Calculate f(r).
1
Let b = -15 - -33. Let z(m) = -b + m + 34 - 17. Give z(3).
2
Let g(s) be the second derivative of s**3/6 - 7*s**2/2 - 5*s. Let p(k) be the first derivative of -k**2 - 5*k - 1. Let m be p(-5). Determine g(m).
-2
Suppose 15*x - 36 = 11*x. Let m(g) = -5 + 0 - x*g + 4. Determine m(-1).
8
Let x be (1 + 0)/((-3)/(-6)). Suppose x*q - 2 = -0*q. Let h(j) = -14*j + 1. Give h(q).
-13
Let c(x) be the first derivative of x**6/120 + x**5/12 + x**4/8 + x**3/2 + x**2 - 6. Let m(z) be the second derivative of c(z). Determine m(-4).
7
Suppose y - 1 = 2*r + 2, -r = -3*y + 9. Let j(h) be the second derivative of 0 + 1/6*h**3 - 2*h - 5*h**2. Calculate j(r).
-10
Let i(w) = w - 10. Suppose -2*n = 3*z + z - 46, 3*z + 3*n = 42. Calculate i(z).
-1
Let i(z) = 2*z**3 + z**2 + 5*z - 1. Suppose 2*k - 5 = 1. Let r(u) = -u**3 - 2*u**2 - 4*u. Let w(s) = k*r(s) + 2*i(s). Give w(4).
-10
Suppose 0 = -3*r + 5*r + 4*g + 4, -3*r - 14 = -2*g. Let z(v) = v**2 + 4*v - 5. Give z(r).
-5
Let q(z) = -2*z + 14. Let i(l) = -3*l + 15. Let b(r) = 3*i(r) - 4*q(r). Determine b(-5).
-6
Suppose -3*m + 3 = -0*m. Let q be (4 + (m - 1))/(-1). Let n(t) = -t**2 - 3*t + 1. Let k(b) = -2*b**2 - 5*b + 2. Let j(s) = 2*k(s) - 5*n(s). Calculate j(q).
-5
Let s(q) = -q**3 - 5*q**2 + q - 5. Let n be (-5)/10 - (-9)/(-2). Determine s(n).
-10
Suppose 0 = -3*m + 2*l + 2 + 11, 3*m = -2*l + 5. Let z = -3 - -5. Let y(b) = -2 + 5*b + 2*b**z - 3*b**2 + b - b. What is y(m)?
4
Let a(p) = 10*p**3 - 7*p**2 - 23*p**3 + 12*p**3 + 4*p - 9. Give a(-8).
23
Let o(u) = 8 - 3 - 4 + 12 + 13*u. Let p(b) = 3*b + 3. Let n be ((-4)/12)/((-1)/27). Let x(s) = n*p(s) - 2*o(s). What is x(-4)?
-3
Let b be (2/2)/(4/8). Let z(h) = 4 + 4*h**2 + h**2 + 6*h - 2*h**b - 2*h**2. Calculate z(-6).
4
Suppose -12 = -3*v, 3*c + 5 = 2*c + 2*v. Let x(p) = p**2 - 1. Let j(h) = 2*h**2 + h - 6. Let b(y) = c*x(y) - j(y). What is b(0)?
3
Let j(v) be the third derivative of 0*v + 0 + 0*v**3 - v**2 - 1/720*v**6 + 1/8*v**4 - 1/40*v**5. Let t(z) be the second derivative of j(z). What is t(-5)?
2
Let d = 60 + -56. Let s(x) = x**2 - 5*x + 3. What is s(d)?
-1
Suppose 0 = -4*c - 14 + 34, -5*c + 15 = -5*d. Suppose -8 = -g + 2*i, -3*g + 14 = d*i + 2*i. Let z(p) = -p**3 + 7*p**2 - 6*p + 1. What is z(g)?
1
Let x(y) be the first derivative of y**2/2 - 3*y - 23. Give x(4).
1
Suppose -2*g + f = 2*f - 1, 5*g - 1 = -4*f. Let c be 1 + 2/(-2) + g. Let w be 5 - 9 - (c + 0). Let b(p) = p**3 + 6*p**2 + 5*p. Give b(w).
0
Let k(n) = n**2 - 5*n + 2. Suppose -3*v = -0*v + 15. Let q be (8/v)/((-6)/15). Calculate k(q).
-2
Let q(m) = -2 + 1 - 5*m**3 + 4*m**3 + 2*m**3 + m. What is q(0)?
-1
Let b(c) = -2*c**2 - 1. Let u(y) = y**2 + 13*y - 1. Let s be u(-13). Give b(s).
-3
Let q(g) be the second derivative of 2*g + 0 - 5/2*g**2 - 1/12*g**4 - 1/6*g**3. What is q(0)?
-5
Let u(x) = 2*x - 2. Let b be u(3). Let d(h) be the third derivative of h**5/60 - 5*h**4/24 - h**3/2 + 33*h**2. What is d(b)?
-7
Let v(r) = 2 - 4*r**2 - 3 + 0 - 2*r. Suppose 3 + 6 = 3*x. Suppose 2*k = 5*k + x. Determine v(k).
-3
Let r(m) be the first derivative of -m**2/2 - 7. Let q be r(-2). Let c(o) = -o**3 + 3*o - 2. Calculate c(q).
-4
Let k(p) = -p + 16. Let w be k(14). Let d(t) be the first derivative of -t**3/3 + t**2 - 3*t + 3. Calculate d(w).
-3
Let v(w) = -9*w**2 - 5*w. Let m(g) = g**2 + g. Let i(j) = -6*m(j) - v(j). What is i(1)?
2
Let p(f) be the first derivative of -f**2/2 - 4*f + 24. Calculate p(5).
-9
Let v(d) be the second derivative of -d**3/6 - d. Let o = -33 - -35. Calculate v(o).
-2
Suppose 0*m + 5 = 5*m. Let l(n) = 3*n + 1. What is l(m)?
4
Let o(b) = -b**2 - 3*b + 7. Let i be o(-5). Let h = i + -3. Let x(w) = -w - 7. Determine x(h).
-1
Let a(g) = g**3 - 5*g**2 + g - 5. Suppose -4*y - 4*f = -8, -4*y - 13 = 5*f - 18. What is a(y)?
0
Let d be 4*(27/12)/3. Suppose d*o - 8*o + 20 = 0. Let y(r) = -r - 1. Let j(f) = -f**2 - 12. Let t(v) = j(v) - 6*y(v). Give t(o).
2
Let c(d) = -d**2 + d + 3. Let n(b) = 4*b**3 + 2*b**2 - 2*b + 1. Let u be n(1). Let f = u + -2. Calculate c(f).
-3
Let r = 0 - 2. Let j = r - -5. Let n(k) = 0*k - k**2 - 3 - 1 + 3*k. Determine n(j).
-4
Let a(t) be the third derivative of -t**5/60 - t**4/4 - 5*t**3/6 - t**2 + 16. Calculate a(-5).
0
Suppose -2*v = -4*c - 26, -4*v + 33 - 13 = 0. Let x(y) = y - 1. Let h(s) = 3*s - 1. Let d(w) = -h(w) + 2*x(w). Give d(c).
3
Let p = 9 - 4. Let r(f) = 5*f**2 - 10*f - 2. Let q(x) = -6*x**2 + 11*x + 2. Let o(g) = p*r(g) + 4*q(g). What is o(5)?
-7
Let h = -1 - -3. Suppose v - h*b = 0, 4*v - 5 - 4 = -b. Let f(m) = -4 - v - 2 + 6 - 3*m. Give f(3).
-11
Let m(a) = a**3 + 7*a**2 - 9*a - 3. Let q be m(-8). Let y(p) = p. What is y(q)?
5
Let v(x) = -3*x**2 + 14*x + 5. Let k(b) = b**2 - 5*b - 2. Let p = -11 + 17. Let t(y) = p*v(y) + 17*k(y). Determine t(0).
-4
Let u(m) = m**2 - 5*m - 3. Let v(h) = -h + 2*h**2 + 6*h**3 + 0*h**2 - 2*h**3. Let t be v(1). Determine u(t).
-3
Suppose -4*x = -5*x - 4*j + 13, -5*j + 32 = -x. Let p(c) = c**3 + 7*c**2 - c + 8. Give p(x).
15
Let b(s) = -s - 5. Let r be 0 + (1 - 3)/2 + -3. Determine b(r).
-1
Let x(r) = -9*r. Let m(p) = -p**3 - 9*p**2 - 7*p + 7. Let v be m(-8). Let b be 2 + v - (-4)/(-2). What is x(b)?
9
Suppose -4*t + 4*j = -j - 32, -2*j = -4*t + 20. Let s(p) = p**3 - 2*p**2 - p - 4. Give s(t).
2
Let p(l) = l**2 + 5*l + 1. Let g be -4 + 0 - (1 + 2 + -2). Determine p(g).
1
Let l(f) = -16*f**2 + 30*f - 1. Let g(t) = 3*t**2 - 6*t. Let o(a) = 11*g(a) + 2*l(a). Calculate o(5).
-7
Let l(z) = -2*z**2 + 3*z**3 + 1219*z - 1221*z + 1 - 2. Determine l(-1).
-4
Let a = -18 - -31. Let d = a - 8. Let y(r) be the second derivative of r**5/20 - r**4/2 + 5*r**3/6 - r**2 + 2*r. Calculate y(d).
-2
Let n = 1 - 6. Suppose 2*j + 0 = -3*v + 26, v - j = 2. Let y(q) = 2*q + 5*q**2 - 3*q**2 + 4*q - v*q**2 - q**3. Give y(n).
-5
Let p(g) be the first derivative of g**2/2 + 2*g - 1. Suppose -16 = -5*t + 4. Give p(t).
6
Let o(m) be the second derivative of m**6/360 - m**4/6 - 3*m. Let d(v) be the third derivative of o(v). Give d(1).
2
Let m(o) = o**3 - 3*o**2 + 3*o + 1. Let j(z) = 5*z**3 - 11*z**2 + 12*z + 3. Let n(b) = -2*j(b) + 9*m(b). Determine n(-5).
-12
Let w = -1 + 1. Let a be 0*(w - 3/(-6)). Suppose -4*t - 7 - 1 = a. Let m(s) = 2*s**3 + 2*s**2 - 2*s. What is m(t)?
-4
Let l(t) be the first derivative of -t**5/20 - t**3/6 + t**2/2 + 1. Let h(g) be the second derivative of l(g). Let x be 0 + 2 + (-7 - -4). Give h(x).
-4
Let r = -22 - -18. Let w(u) = u**3 + 3*u**2 - 2*u + 1. Give w(r).
-7
Suppose u = 5*u - 44. Let z(x) = -4*x**3 - 2*x**2 + 3*x**3 - 4*x - 2*x + u*x + 4. Calculate z(-3).
-2
Let r(z) be the third derivative of z**6/120 + 4*z**3/3 + 27*z**2. Give r(0).
8
Let j(i) be the second derivative of 5*i**4/24 - i**2/2 - i. Let t(n) be the first derivative of j(n). Let s be 28/(-21) + 6/18. Determine t(s).
-5
Suppose -h = 5, -3*u - 2*h + 9 = h. Let r(a) = a - 8. Calculate r(u).
0
Let n(w) be the second derivative of -w**4/12 + w**3 - 7*w**2/2 + 40*w. Determine n(4).
1
Let k(g) = 0*g**3 - g - 8*g**2 - 6*g - g**3. Determine k(-7).
0
Let l(c) = 4*c**3 + 7*c**2 - 4. Let x(r) = 3*r**3 + 6*r - 2. Let q(t) = -t**3 - t**2 - t + 1. Let s(m) = 6*q(m) + x(m). Let j(i) = -2*l(i) - 3*s(i). Give j(-4).
-4
Let o(q) = q - 8. Let v = 1 - 1. Calculate o(v).
-8
Let t(d) = -d**2 + 5*d + 2. Let c(b) = b**2 + 6*b - 3. Let u be c(-6). Let x = u + 7. Suppose q - 3 = 2*o, 0 = 2*q + x*o - 11 - 3. What is t(q)?
2
Suppose 0 = -l + 3*l - 6. Suppose -2*v + 10 = 2*u, -l*u + 7 = -2*u - v